uppose 240 = 11*t - 3*t. Let r(w) = -3*w - 6. Let d be r(-4). What is the greatest common divisor of t and d?
6
Let o be (657/5)/(-1 + 160/150). What is the highest common divisor of o and 73?
73
Let y be 8/(-8)*32*(-33)/2. Let o be (-20)/(-8)*y/40. What is the highest common factor of 264 and o?
33
Suppose -5*q + 26 = 1. Suppose 0 = q*w + 3*k + 36, 20 = -4*w - 4*k - 4. Let g = w + 15. What is the greatest common divisor of 15 and g?
3
Let u(l) = -l**3 - 17*l**2 - 54*l - 35. Let v be u(-14). Calculate the highest common divisor of v and 665.
133
Suppose -4*l = -5*l + 8. What is the highest common divisor of l and 1448?
8
Let t(v) = v**2 - 5*v - 167. Let i be t(-41). Calculate the greatest common divisor of i and 18.
9
Let c = -121 - -130. Let j(m) = -m**3 + 2*m**2. Let v be j(2). Let q be (25 - v) + 4 + -2. Calculate the highest common factor of c and q.
9
Let y be -17 - 9580/(-60) - (-4)/3. Calculate the highest common divisor of 208 and y.
16
Suppose 2*z + 810 = 2*c + c, -2*c + 539 = -z. What is the highest common factor of 4 and c?
4
Let f be (-1935)/(-18)*6/15. What is the highest common divisor of 473 and f?
43
Let j = 16 + 4. Suppose 514*p - 489*p = 750. Calculate the greatest common divisor of j and p.
10
Suppose 3340 = 5*h + 2*i, 2 + 18 = 4*i. Calculate the highest common divisor of h and 36.
18
Suppose -3*z - 65 = -4*x - 12, 0 = -3*z - 2*x - 59. Let k = z + 17. Let u be k/(-15) + 1780/150. Calculate the highest common factor of 2 and u.
2
Suppose 4*n - c = 98, -177*n - c - 20 = -178*n. Let d be (132/(-9))/((-1)/(-3)). Let h = -31 - d. Calculate the highest common factor of n and h.
13
Let a = 17423 - 17387. Suppose 4*j + 2*r = -r + 639, -4*r = -3*j + 498. What is the greatest common factor of j and a?
18
Let b(v) be the first derivative of -19*v**2/2 - 14*v - 62. Let z be b(-2). Let d = -4 - -10. Calculate the greatest common divisor of z and d.
6
Let x = 4 + -2. Suppose 0 = -4*a - 2*h + 15 - 1, 5*a - 2*h = 31. What is the greatest common divisor of x and a?
1
Let s be (-10)/(-4)*800/5. What is the greatest common factor of s and 120?
40
Let d = 15 + -10. Let c(v) = 1 - 3*v - 5 + d*v. Let z be c(8). What is the highest common divisor of z and 4?
4
Let t = 1230 + -1228. Calculate the greatest common factor of 362 and t.
2
Let z = 2 + 5. Let q be ((-2)/(-6)*-2)/(10/(-30)). Suppose -6*j = -z*j + q. Calculate the highest common factor of 22 and j.
2
Let s = -14 + 18. Let z be 285/55 - (-4)/(-22). Suppose -z*j = 10, 2*y + j - 82 = -y. Calculate the greatest common factor of y and s.
4
Let w(z) = -2*z**3 + 2*z**2 + z - 6. Let v(n) = n**3 - n**2 + 3. Let x(i) = 7*v(i) + 3*w(i). Let g be x(0). Calculate the greatest common divisor of g and 3.
3
Suppose -274 = -3*h - 0*h - n, -h - 5*n = -110. What is the greatest common factor of 54 and h?
18
Let w(g) = 19*g - 2. Let j be w(2). Let a be (12/(-9))/(5*(-10)/150). Calculate the highest common divisor of j and a.
4
Let u = 274 - 254. Calculate the highest common divisor of u and 8.
4
Suppose 6448 = 14*y + 38*y. What is the highest common factor of 2852 and y?
124
Let c be ((-31)/2)/(19/(-418)). What is the highest common factor of 217 and c?
31
Suppose -4*j - 2*n = -j - 28, -2*j + 3*n = 3. Let z(i) = i**2 - 10*i + 27. Let a be z(j). What is the greatest common factor of 6 and a?
3
Let p = -79 + 97. Let s = -18 + 67. Let q be (-2 + s)*1 - 2. Calculate the greatest common factor of q and p.
9
Let g = 39 - 37. Suppose -3*a = -5*h - 62, -g*h = 13 - 5. Let k = -194 + 292. What is the greatest common divisor of k and a?
14
Suppose 4*f - 260 = 2*f. Let b(a) = -31*a + 40. Let w be b(5). Let g = w - -141. What is the greatest common divisor of f and g?
26
Let j = 44 - 44. Suppose g - 2*g + 187 = j. Calculate the highest common factor of 17 and g.
17
Suppose 223*d - 34 = 206*d. Suppose 0 = -3*f - 3*n + 2*n + 110, 94 = 3*f + 5*n. Calculate the greatest common divisor of d and f.
2
Suppose 5*p - 4 = 56. Calculate the greatest common divisor of 9 and p.
3
Suppose -m = -6*m + 50. Suppose 5*g - d = m + 8, -2*g = d - 10. Let b(x) = 31*x + 4. Let s be b(g). Calculate the greatest common divisor of s and 16.
16
Let f be 7 - (2952/(-54) + (-7)/3). What is the highest common divisor of f and 272?
16
Suppose -a + 8 - 4 = 4*n, 0 = -n + 3*a + 14. Suppose l + 202 = 3*p, n*p - 2*l - 87 - 45 = 0. Calculate the greatest common factor of p and 17.
17
Let b be (-1702)/4 - 0 - (-6)/12. Let z be (3/5)/((-5)/b). Calculate the greatest common divisor of 34 and z.
17
Suppose 99*c + 208 = 125*c. What is the highest common divisor of c and 16?
8
Suppose 0 = -282*v + 286*v - 76. What is the highest common factor of v and 703?
19
Let k be (-6 - -2)*5/(-10). Let m be 12*(k + 4/(-4)). What is the highest common factor of m and 60?
12
Let r(d) = 217*d - 375. Let v be r(7). Calculate the greatest common divisor of 22 and v.
22
Let x be 2*-3*9/(-6). Suppose n - h = 15, 2*h + 6 = 4*h. What is the greatest common factor of n and x?
9
Let s be 203/63 - (-2)/(-9). Suppose 15*m - 14*m = s. Calculate the highest common divisor of m and 1.
1
Let v = 24 + -36. Let p be (-27)/v*12/9. Suppose 0 = -b - p*b + 160. Calculate the greatest common factor of 100 and b.
20
Suppose -5*u + 139 + 281 = 0. Let d be (60/14)/((-4)/u). Let j = d - -135. What is the highest common factor of j and 9?
9
Let p be 27 - 14/6*-3. What is the greatest common factor of p and 34?
34
Let a(j) = 15*j**3 - j**2 - 16*j + 37. Let d be a(3). Calculate the highest common factor of 55 and d.
55
Let o(m) = -2*m + 1 - 2 + 0 - 1. Let d be o(-2). Let n(h) = 34*h + 4. Let v be n(d). What is the highest common divisor of v and 18?
18
Suppose 2090 - 724 = 2*z. Let j = z - 179. Suppose 4*r - j = -2*r. Calculate the greatest common divisor of r and 12.
12
Let x be 3 - (-1 + -2) - -5. What is the highest common divisor of 44 and x?
11
Let b(o) = -20*o + 100. Let r be b(-7). What is the highest common divisor of 60 and r?
60
Let u = 304 + 599. Suppose -16*j = -2471 + u. What is the greatest common factor of 42 and j?
14
Suppose -6*g - 10 = 2. Let i = 16 - g. Suppose a + d - 3*d = 154, -d + 652 = 4*a. What is the greatest common factor of i and a?
18
Let t = 328 + -160. What is the highest common divisor of t and 21?
21
Suppose -10*p + 48 = -4*p. Suppose -v = -5*v, 0 = r - v - p. What is the highest common divisor of 64 and r?
8
Let h be 3 + (-7)/((-35)/360). Suppose 45 + h = 8*p. Calculate the greatest common factor of p and 60.
15
Let z = -40 + 14. Let a = -23 - z. Calculate the greatest common divisor of 12 and a.
3
Suppose 3*y + 56 = 5*y. Let o = 4 + -1. Suppose -o*i = -2*v + 4*v - 17, 3*i = -4*v + 13. Calculate the greatest common divisor of i and y.
7
Let i = -95 - -127. Calculate the highest common divisor of 40 and i.
8
Let g(k) = 4*k. Let f be g(1). Suppose 0 = -4*i - f*n + 60, 107 = 5*i - 4*n + n. Suppose 2*j - i - 3 = 0. Calculate the highest common divisor of j and 22.
11
Let m(n) = -3*n**2 - 12*n. Let h(g) = -7*g**2 - 24*g - 1. Let b(q) = -2*h(q) + 5*m(q). Let w be b(-10). What is the greatest common factor of w and 154?
22
Suppose -299 = -6*z + 205. What is the greatest common factor of 903 and z?
21
Suppose -71 = -2*z + 79. Suppose 5 + z = 5*k. Let y = -5 - -9. Calculate the greatest common factor of k and y.
4
Suppose -144 = 2*t - 5*t. Suppose -o + t = o. Calculate the highest common factor of o and 36.
12
Let d = -2674 + 2744. Let c(a) = -a + 28. Let w be c(0). What is the greatest common factor of d and w?
14
Let r be 3*(-2 + (18 - 1)). Suppose 4*j - 3*j - r = 0. Let h = 688 + -679. Calculate the highest common divisor of j and h.
9
Let q(m) = 10*m**2 + 25*m - 306. Let t be q(-7). Let l = 459 + -288. Calculate the highest common factor of l and t.
9
Let j be 1 - (1 + (-1 - 2)). Suppose 0 = 2*p + j*p - 715. Suppose p = 3*g - 4*w, -122 + 26 = -2*g + 2*w. Calculate the highest common divisor of 7 and g.
7
Let z(w) = w**3 - 44*w**2 - 48*w + 196. Let f be z(45). What is the highest common divisor of 915 and f?
61
Let j be 4/20 - (-2)/(-10). Suppose -2*c - 3*k + 99 = j, -2*c + 4*c - 104 = -4*k. Suppose d - c = -d. Calculate the greatest common divisor of 7 and d.
7
Suppose 2*j = 188 + 38. Let f = -79 + j. What is the greatest common factor of f and 85?
17
Let y = 0 + 14. Let x